mmon factor of 39 and a.
13
Let n = -35 - -37. What is the highest common factor of 8 and n?
2
Let j = 31 + -13. Calculate the greatest common factor of j and 45.
9
Let j = 255 - 156. Calculate the greatest common divisor of 9 and j.
9
Suppose -z = -3*z + 306. Suppose -g - 68 = -5*g. What is the greatest common divisor of g and z?
17
Let g be (-39 - 0)*10/15. Let m = -17 - g. What is the highest common divisor of 6 and m?
3
Suppose 0 = 3*f + 5*y - 1117, 6*f - 5*y - 1127 = 3*f. What is the greatest common divisor of f and 22?
22
Let p be -2 + 42/5 - 4/10. What is the greatest common factor of p and 4?
2
Suppose -1 = -5*p - y - 81, 0 = -p - 3*y - 16. Let n be 0 + 2 + (1 - p). Calculate the highest common factor of n and 38.
19
Let n be 9 + 0 - (-2 - -5). What is the highest common factor of n and 3?
3
Suppose 0 = -5*q - 4*n - 545, -4*q = q - 3*n + 580. Let g = q - -278. Suppose 5*x - 75 = 5*a, a - 81 = -4*x - 21. What is the highest common factor of g and x?
15
Let o(p) = 2*p**2 + 3*p - 11. Let k be o(11). Calculate the highest common factor of k and 24.
24
Suppose -4*w + 5 = 41. Let b = w + 17. What is the highest common factor of 12 and b?
4
Let x(y) = 3*y**3 - y. Let t be x(1). Calculate the greatest common divisor of 1 and t.
1
Suppose 0 = -r - 3*a + 11, r - 4*a - 28 = 4. Let o(i) = -i**2 + 6*i. Let j be o(5). What is the greatest common divisor of j and r?
5
Suppose -s + 128 = 2*v, 2*v - 3*s + s = 140. What is the greatest common divisor of v and 6?
6
Suppose 4*f - 5 = 3*f. Suppose -h - 8 = -f*h. What is the highest common divisor of h and 16?
2
Suppose -47 = 5*x - 7. Let a be (21/6)/((-2)/x). Calculate the greatest common factor of a and 35.
7
Let o = -97 + 107. What is the greatest common factor of o and 6?
2
Let w = -21 - -32. What is the highest common factor of w and 77?
11
Let p = 17 - 27. Let t be p/4*(-28 - 0). Let l(c) = c - 5. Let y be l(19). Calculate the highest common factor of t and y.
14
Let q = 51 - 29. Calculate the greatest common divisor of q and 198.
22
Let f = 177 - 105. Let u(w) = -w**3 + 5*w**2 + 3*w - 6. Let x be (2/3)/(2/15). Let c be u(x). What is the highest common divisor of f and c?
9
Suppose -2*m + 36 + 18 = 0. Let h be (-18)/4*6/(-3). Calculate the highest common divisor of m and h.
9
Suppose 0 = -3*s + 6. Calculate the highest common factor of 26 and s.
2
Suppose -4*x + h + 5 = -0*h, x = -2*h - 10. Suppose z - 126 = -x*z. Calculate the greatest common divisor of 14 and z.
14
Suppose 0 = 2*l + 8, -2*l + 5*l + 84 = 4*b. What is the highest common divisor of b and 2?
2
Suppose 0 = -4*z + 8*z - 44. Calculate the greatest common factor of z and 22.
11
Let r(o) = -5*o + 6. Let n be r(-6). What is the greatest common divisor of n and 24?
12
Suppose -u = -5*r + 3 + 5, 5*r + 5*u - 20 = 0. Suppose -h + 15 = b, r*b - 2*h - 5 = h. Calculate the highest common factor of b and 80.
10
Let b(x) be the second derivative of -3*x**3/2 - 3*x**2/2 + x. Let v be b(-2). Calculate the greatest common divisor of 135 and v.
15
Suppose 4*o = -2*b + 106, -5*o + 4*b = -60 - 66. What is the greatest common divisor of o and 52?
26
Suppose 35*j = 36*j - 20. Calculate the highest common factor of 40 and j.
20
Let o(s) = -5*s. Let x be o(-3). Suppose 7*c - 4*c - x = 0. Suppose -m = 4*v - 128, -c*v + m - 82 = -242. Calculate the greatest common factor of 8 and v.
8
Let d(o) = 3*o**2 + 4*o - 4. Let y be d(1). Calculate the highest common factor of y and 3.
3
Let y be (-17)/2 - 2/(-4). Let h(r) = 2*r**2 - 5*r + 3. Let l be h(y). Calculate the greatest common factor of l and 19.
19
Suppose -2*s - 40 = -4*s. What is the highest common factor of s and 40?
20
Let u(l) = l**2 - 9. Let t be u(4). Let a(o) = -2*o**3 + o**2 + 3*o**3 - 8*o**2 - 1 + o. Let f be a(t). What is the highest common factor of 54 and f?
6
Let n be (-4 - -1 - -1) + 66. Let a be ((-19)/(-3))/(4/(-36)). Let s be a/(-6) - 6/4. Calculate the highest common factor of s and n.
8
Let b be 2 + 3 + 1 + -2. Suppose -t = 5*g + 8, 3*g = b*t + 4*g - 63. Let u = 3 + t. What is the highest common factor of 4 and u?
4
Suppose 0*x + 2 = 2*z - 2*x, x - 23 = -5*z. Suppose -19 + 81 = z*w - 5*m, 60 = 4*w - 4*m. What is the highest common divisor of w and 39?
13
Suppose 4*n - 10 = 5*b + 8, 33 = -4*b - 3*n. Let c = -3 - b. Suppose x = -c*s + 58, -2*s + 6*x = x - 16. What is the highest common divisor of s and 36?
18
Let z be 1/(-3) - 2/(-6). Suppose z = -0*w - 2*w + 12. Let j = -3 + w. Calculate the highest common factor of j and 9.
3
Suppose 92 = 6*d - 2*d. What is the highest common factor of d and 161?
23
Let u(l) = 10*l - 1. Let i be u(1). Suppose -f + 12 = -i. Calculate the highest common divisor of 3 and f.
3
Let z(h) = h**2 - h - 2. Let c = -1 - -4. Let n be z(c). Suppose -3*d + n*d - 8 = -3*j, 4*d + 5*j - 39 = 0. Calculate the highest common factor of d and 11.
11
Let m = -28 - -40. Let w(u) = 23*u + 2. Let y be w(2). What is the greatest common divisor of y and m?
12
Suppose 5*q + 49 = -4*a, 5*a + 33 = 2*a - 5*q. Let g = a - -29. What is the highest common divisor of g and 143?
13
Suppose -3 - 13 = -4*z. Suppose 0 = -3*m + z + 2. Calculate the highest common factor of 1 and m.
1
Let l(i) = -31*i - 2. Let x(f) = f**3 - 6*f**2 + 6*f - 7. Let m be x(5). Let j be l(m). What is the greatest common divisor of 12 and j?
12
Suppose -98 - 2 = -5*b. Let x be 70/6 - (-2)/6. Let o = x + -7. Calculate the greatest common factor of b and o.
5
Let j(v) = v**2 - 9*v - 4. Let n be j(9). Let q = n - -16. What is the greatest common factor of q and 132?
12
Suppose 0 = -3*y - 5*a + 165, 7*y + a = 9*y - 110. Calculate the highest common divisor of 385 and y.
55
Let r(d) = -d**2 - d + 32. Let s be r(0). Calculate the highest common divisor of s and 16.
16
Let j = 4 + 3. Let l be (-5 + 1)*(-3 - -2). Suppose -5*u + 108 = 4*o + 32, -l*o = -5*u - 36. What is the greatest common factor of o and j?
7
Let k = -18 - -21. Let r(s) = -8*s + 1. Let d be r(-1). What is the greatest common factor of k and d?
3
Let d(r) = -12*r - 6. Let a be d(-2). Calculate the highest common divisor of 6 and a.
6
Let f be 54/(-15)*(-10)/4. Suppose -1 = -4*w - f. Let g be 46 - ((-8)/(-2) + w). Calculate the greatest common divisor of g and 11.
11
Suppose -y + 32 = h, 0 = -h - 2. Calculate the greatest common factor of 51 and y.
17
Suppose 2*u = 3*y - 37, -3*y + 10 + 13 = 5*u. Let s = 274 + -107. Suppose 5*w - 49 = -t, 3*t - s = -5*w - 30. Calculate the greatest common divisor of y and t.
11
Suppose 2*h = -2*h + 16. Let m(d) = -d**3 + 4*d**2 + 3*d + 1. Let l be m(h). Calculate the greatest common factor of l and 52.
13
Let x(t) = 6*t**3 - t**2 + t - 1. Let j be x(1). Suppose j*y + 0*y - 120 = -5*u, y + 5*u = 40. Calculate the greatest common factor of y and 50.
10
Let j(g) = 3*g**2 - 3*g - 2. Let h be j(-2). Calculate the highest common divisor of 144 and h.
16
Let n(u) = -4*u + 8*u - 4 + 1. Let b be n(2). Suppose -3*j - b*d = -62, -2*d - 52 = -2*j - 0*j. Calculate the highest common factor of j and 6.
6
Suppose -5*l = 5*k - 20, 8 = 5*k + 2*l - 6. Suppose 0*b = -3*b + 39. Suppose -3*r + 34 - b = -5*o, -12 = 4*o. Calculate the greatest common factor of r and k.
2
Let h = 17 + -11. Let j(g) = -2 - 6 + 2 - h*g. Let d be j(-10). Calculate the greatest common factor of d and 9.
9
Let b(q) = q**3 + 7*q**2 - 10*q - 12. Let k be b(-8). What is the greatest common divisor of k and 28?
4
Suppose 5 = -3*b + 32. Suppose -3*m = -4*o - 0*m + 97, -4*m = 5*o - 98. Suppose 41 = t - o. Calculate the greatest common factor of b and t.
9
Suppose -4*u + 60 = 2*p - 2*u, 3*p + 5*u - 90 = 0. Calculate the greatest common factor of 6 and p.
6
Suppose 2*x + 0*x - 2 = 0. Let w(t) = -t**2 - 4*t + 10. Let m be w(-5). Calculate the greatest common factor of m and x.
1
Let x(n) = n**2 - 2*n + 6. Let b be x(-6). Calculate the greatest common factor of 6 and b.
6
Suppose 1 = z - 2. Suppose 24 = c - z*m, -2*m = -4*c - 20 + 76. Let i be 8/(-5)*135/(-6). What is the greatest common divisor of i and c?
12
Let y = -1 - -5. Suppose 5*n + m = -y*m + 15, 0 = 4*n + 5*m - 11. Suppose -h - 8 = -n*g - 6*h, -2*h = -2*g + 4. Calculate the highest common factor of g and 5.
1
Suppose -112 = -3*w + 68. Let l be (1/2)/(-1)*-180. What is the highest common divisor of w and l?
30
Suppose -5*c